{"id":155,"date":"2022-12-11T15:19:18","date_gmt":"2022-12-11T15:19:18","guid":{"rendered":"http:\/\/miguelangelmontilla.es\/?page_id=155"},"modified":"2023-06-30T09:54:58","modified_gmt":"2023-06-30T09:54:58","slug":"aviso-legal","status":"publish","type":"page","link":"https:\/\/miguelangelmontilla.es\/?page_id=155","title":{"rendered":"AVISO LEGAL"},"content":{"rendered":"\t\t<div data-elementor-type=\"wp-page\" data-elementor-id=\"155\" class=\"elementor elementor-155\" data-elementor-post-type=\"page\">\n\t\t\t\t\t\t<section class=\"elementor-section elementor-top-section elementor-element elementor-element-5940803 elementor-section-boxed elementor-section-height-default elementor-section-height-default\" data-id=\"5940803\" data-element_type=\"section\">\n\t\t\t\t\t\t<div class=\"elementor-container elementor-column-gap-default\">\n\t\t\t\t\t<div class=\"elementor-column elementor-col-100 elementor-top-column elementor-element elementor-element-56dd111\" data-id=\"56dd111\" data-element_type=\"column\">\n\t\t\t<div class=\"elementor-widget-wrap elementor-element-populated\">\n\t\t\t\t\t\t<div class=\"elementor-element elementor-element-64bcd9f elementor-widget elementor-widget-heading\" data-id=\"64bcd9f\" data-element_type=\"widget\" data-widget_type=\"heading.default\">\n\t\t\t\t<div class=\"elementor-widget-container\">\n\t\t\t\t\t<h2 class=\"elementor-heading-title elementor-size-default\">AVISO LEGAL<\/h2>\t\t\t\t<\/div>\n\t\t\t\t<\/div>\n\t\t\t\t<div class=\"elementor-element elementor-element-cb98926 elementor-widget elementor-widget-heading\" data-id=\"cb98926\" data-element_type=\"widget\" data-widget_type=\"heading.default\">\n\t\t\t\t<div class=\"elementor-widget-container\">\n\t\t\t\t\t<h2 class=\"elementor-heading-title elementor-size-default\">Identificaci\u00f3n y titularidad<\/h2>\t\t\t\t<\/div>\n\t\t\t\t<\/div>\n\t\t\t\t<div class=\"elementor-element elementor-element-e3849a5 elementor-widget elementor-widget-text-editor\" data-id=\"e3849a5\" data-element_type=\"widget\" data-widget_type=\"text-editor.default\">\n\t\t\t\t<div class=\"elementor-widget-container\">\n\t\t\t\t\t\t\t\t\t<h2 style=\"margin-bottom: 20px; font-family: 'roboto', sans-serif; font-size: 36px; font-style: normal; font-weight: 400; line-height: 0.8em;\"><span style=\"border: 0px; margin: 0px; padding: 0px; color: var( --e-global-color-text ); font-family: Roboto, sans-serif; font-size: 18px;\">En cumplimiento del art\u00edculo 10 de la Ley 34\/2002, de 11 de julio, de Servicios de la Sociedad de la Informaci\u00f3n y Comercio Electr\u00f3nico, el Titular expone sus datos identificativos:<\/span><\/h2><ul style=\"color: #7a7a7a; font-size: 16px; font-style: normal; font-weight: 400;\"><li><span style=\"border: 0px; margin: 0px; padding: 0px; font-weight: bold;\">Titular:<\/span>\u00a0Miguel \u00c1ngel Montilla<\/li><li><span style=\"border: 0px; margin: 0px; padding: 0px; font-weight: bold;\">NIF:\u00a0<\/span>29070273k<\/li><li><span style=\"border: 0px; margin: 0px; padding: 0px; font-weight: bold;\">Correo electr\u00f3nico:<\/span>\u00a0 miguelangelexperiencias@gmail.com<\/li><li><span style=\"border: 0px; margin: 0px; padding: 0px; font-weight: bold;\">Sitio Web:<\/span> <a style=\"border: 0px; margin: 0px; padding: 0px; transition: color 0.1s ease-in-out 0s, background-color 0.1s ease-in-out 0s;\" href=\"http:\/\/miguelangelmontilla.es\">http:\/\/miguelangelmontilla.es\/<\/a><\/li><\/ul>\t\t\t\t\t\t\t\t<\/div>\n\t\t\t\t<\/div>\n\t\t\t\t<div class=\"elementor-element elementor-element-c8d8c2f elementor-widget elementor-widget-heading\" data-id=\"c8d8c2f\" data-element_type=\"widget\" data-widget_type=\"heading.default\">\n\t\t\t\t<div class=\"elementor-widget-container\">\n\t\t\t\t\t<h2 class=\"elementor-heading-title elementor-size-default\">Finalidad<\/h2>\t\t\t\t<\/div>\n\t\t\t\t<\/div>\n\t\t\t\t<div class=\"elementor-element elementor-element-4d10a8c elementor-widget elementor-widget-text-editor\" data-id=\"4d10a8c\" data-element_type=\"widget\" data-widget_type=\"text-editor.default\">\n\t\t\t\t<div class=\"elementor-widget-container\">\n\t\t\t\t\t\t\t\t\t<h2 style=\"margin-bottom: 20px; font-family: 'roboto', sans-serif; font-size: 36px; font-style: normal; font-weight: 400; line-height: 0.8em;\"><span style=\"color: #7a7a7a; font-family: Roboto, sans-serif; font-size: 18px;\">La finalidad del Sitio Web es: Servicios profesionales de cuentacuentos y cursos de oratoria para empresas, aut\u00f3nomos y docentes.<\/span><\/h2>\t\t\t\t\t\t\t\t<\/div>\n\t\t\t\t<\/div>\n\t\t\t\t<div class=\"elementor-element elementor-element-9e73f81 elementor-widget elementor-widget-heading\" data-id=\"9e73f81\" data-element_type=\"widget\" data-widget_type=\"heading.default\">\n\t\t\t\t<div class=\"elementor-widget-container\">\n\t\t\t\t\t<h2 class=\"elementor-heading-title elementor-size-default\">Condiciones de uso<\/h2>\t\t\t\t<\/div>\n\t\t\t\t<\/div>\n\t\t\t\t<div class=\"elementor-element elementor-element-c7dc9e2 elementor-widget elementor-widget-text-editor\" data-id=\"c7dc9e2\" data-element_type=\"widget\" data-widget_type=\"text-editor.default\">\n\t\t\t\t<div class=\"elementor-widget-container\">\n\t\t\t\t\t\t\t\t\t<h2 style=\"margin-bottom: 20px; font-family: 'Northern Worssley', sans-serif; font-size: 36px; font-style: normal; font-weight: 400; line-height: 0.8em;\"><span style=\"color: #7a7a7a; font-family: Roboto, sans-serif; font-size: 18px;\">La utilizaci\u00f3n del Sitio Web, le otorga la condici\u00f3n de Usuario, e implica la aceptaci\u00f3n completa de todas las cl\u00e1usulas y condiciones de uso incluidas en las p\u00e1ginas:<\/span><\/h2><div><span style=\"color: #7a7a7a; font-family: Roboto, sans-serif; font-size: 18px;\">&#8211; <a href=\"http:\/\/miguelangelmontilla.es\/aviso-legal\/\">Aviso Legal<\/a><\/span><br \/><span style=\"color: #7a7a7a; font-family: Roboto, sans-serif; font-size: 18px;\">&#8211; <a href=\"http:\/\/miguelangelmontilla.es\/politica-de-privacidad\/\">Pol\u00edtica de Privacidad<\/a><\/span><\/div><div><span style=\"color: #7a7a7a; font-family: Roboto, sans-serif; font-size: 18px;\">\u00a0<\/span><\/div><div><p><span style=\"color: #7a7a7a; font-family: Roboto, sans-serif; font-size: 18px;\">Si no estuviera conforma con todas y cada una de estas cl\u00e1usulas y condiciones, abst\u00e9ngase de utilizar el Sitio Web.<\/span><\/p><p><span style=\"color: #7a7a7a; font-family: Roboto, sans-serif; font-size: 18px;\">El acceso al Sitio Web no supone, en modo alguno, el inicio de una relaci\u00f3n comercial con el Titular.<\/span><span style=\"color: #7a7a7a; font-family: Roboto, sans-serif; font-size: 18px;\"><br \/><\/span><br \/><span style=\"color: #7a7a7a; font-family: Roboto, sans-serif; font-size: 18px;\">A trav\u00e9s del Sitio Web, el Titular facilitar el acceso y la utilizaci\u00f3n de diversos contenidos que el Titular y\/o sus colaboradores han publicado por medio de Internet.<\/span><\/p><p><span style=\"color: #7a7a7a; font-family: Roboto, sans-serif; font-size: 18px;\">A tal efecto, est\u00e1 obligado y comprometido a NO utilizar cualquiera de los contenidos del Sitio Web con fines o efectos il\u00edcitos, prohibidos en este Aviso Legal o por la legislaci\u00f3n vigente, lesivos de los derechos e intereses de terceros, o que de cualquier forma puedan da\u00f1ar, inutilizar, sobrecargar, deteriorar o impedir la normal utilizaci\u00f3n de los contenidos, los equipos inform\u00e1ticos o los documentos, archivos y toda clase de contenidos almacenados en cualquier equipo inform\u00e1tico propios o contratados por el Titular, de otros usuarios o de cualquier usuario de Internet.<\/span><\/p><p><span style=\"color: #7a7a7a; font-family: Roboto, sans-serif; font-size: 18px;\">El Titular se reserva el derecho de retirar todos aquellos comentarios que vulneran la legislaci\u00f3n vigente, lesivos de los derechos o intereses de terceros, o que, a su juicio, no resulten adecuados para su publicaci\u00f3n.<\/span><\/p><p><span style=\"color: #7a7a7a; font-family: Roboto, sans-serif; font-size: 18px;\">El Titular no ser\u00e1 responsable de las opiniones vertidas por los usuarios a trav\u00e9s del sistema de comentarios, redes sociales u otras herramientas de participaci\u00f3n, conforme a lo previsto en la normativa de aplicaci\u00f3n.<\/span><\/p><\/div>\t\t\t\t\t\t\t\t<\/div>\n\t\t\t\t<\/div>\n\t\t\t\t<div class=\"elementor-element elementor-element-6fccc30 elementor-widget elementor-widget-heading\" data-id=\"6fccc30\" data-element_type=\"widget\" data-widget_type=\"heading.default\">\n\t\t\t\t<div class=\"elementor-widget-container\">\n\t\t\t\t\t<h2 class=\"elementor-heading-title elementor-size-default\">Medidas de seguridad<\/h2>\t\t\t\t<\/div>\n\t\t\t\t<\/div>\n\t\t\t\t<div class=\"elementor-element elementor-element-9ea6f5d elementor-widget elementor-widget-text-editor\" data-id=\"9ea6f5d\" data-element_type=\"widget\" data-widget_type=\"text-editor.default\">\n\t\t\t\t<div class=\"elementor-widget-container\">\n\t\t\t\t\t\t\t\t\t<h2 style=\"margin-bottom: 20px; font-family: 'Northern Worssley', sans-serif; font-size: 36px; font-style: normal; font-weight: 400; line-height: 0.8em;\"><span style=\"color: var( --e-global-color-text ); font-style: inherit; font-family: Roboto, sans-serif; font-size: 18px; background-color: var(--ast-global-color-5);\">Los datos personales que facilite al Titular pueden ser almacenados en bases de datos automatizadas o no, cuya titularidad corresponde en exclusiva al Titular, que asume todas las medidas de \u00edndole t\u00e9cnica, organizativa y de seguridad que garantizan la confidencialidad, integridad y calidad de la informaci\u00f3n contenida en las mismas de acuerdo con lo establecido en la normativa vigente en protecci\u00f3n de datos.<\/span><\/h2>\n<div>\n<p style=\"margin-bottom: 1.5em; color: #7a7a7a; font-size: 18px; font-style: normal; font-weight: 400;\"><span style=\"background-color: var(--ast-global-color-5);\">No obstante, debe ser consciente de que las medidas de seguridad de los sistemas inform\u00e1ticos en Internet no son enteramente fiables y que, por tanto el Titular no puede garantizar la inexistencia de virus u otros elementos que puedan producir alteraciones en los sistemas inform\u00e1ticos (software y hardware) del Usuario o en sus documentos electr\u00f3nicos y ficheros contenidos en los mismos aunque el Titular pone todos los medios necesarios y toma las medidas de seguridad oportunas para evitar la presencia de estos elementos da\u00f1inos.<\/span><\/p>\n\n<\/div>\t\t\t\t\t\t\t\t<\/div>\n\t\t\t\t<\/div>\n\t\t\t\t<div class=\"elementor-element elementor-element-3056e73 elementor-widget elementor-widget-heading\" data-id=\"3056e73\" data-element_type=\"widget\" data-widget_type=\"heading.default\">\n\t\t\t\t<div class=\"elementor-widget-container\">\n\t\t\t\t\t<h2 class=\"elementor-heading-title elementor-size-default\">Tratamiento de datos personales<\/h2>\t\t\t\t<\/div>\n\t\t\t\t<\/div>\n\t\t\t\t<div class=\"elementor-element elementor-element-97ce3cc elementor-widget elementor-widget-text-editor\" data-id=\"97ce3cc\" data-element_type=\"widget\" data-widget_type=\"text-editor.default\">\n\t\t\t\t<div class=\"elementor-widget-container\">\n\t\t\t\t\t\t\t\t\t<h2 style=\"margin-bottom: 20px; font-family: 'Northern Worssley', sans-serif; font-size: 36px; font-style: normal; font-weight: 400; line-height: 0.8em;\"><span style=\"color: #7a7a7a; font-family: Roboto, sans-serif; font-size: 18px;\">Puede consultar toda la informaci\u00f3n relativa al tratamiento de datos personales que recoge el Titular en la p\u00e1gina de\u00a0<\/span><a style=\"border: 0px; margin: 0px; padding: 0px; background-color: #ffffff; transition: color 0.1s ease-in-out 0s, background-color 0.1s ease-in-out 0s; font-family: Roboto, sans-serif; font-size: 18px;\" href=\"http:\/\/miguelangelmontilla.es\/politica-de-privacidad\/\">Pol\u00edtica de Privacidad<\/a><span style=\"color: #7a7a7a; font-family: Roboto, sans-serif; font-size: 18px;\">.<\/span><\/h2>\t\t\t\t\t\t\t\t<\/div>\n\t\t\t\t<\/div>\n\t\t\t\t<div class=\"elementor-element elementor-element-18a128d elementor-widget elementor-widget-heading\" data-id=\"18a128d\" data-element_type=\"widget\" data-widget_type=\"heading.default\">\n\t\t\t\t<div class=\"elementor-widget-container\">\n\t\t\t\t\t<h2 class=\"elementor-heading-title elementor-size-default\">Contenidos<\/h2>\t\t\t\t<\/div>\n\t\t\t\t<\/div>\n\t\t\t\t<div class=\"elementor-element elementor-element-9929cd4 elementor-widget elementor-widget-text-editor\" data-id=\"9929cd4\" data-element_type=\"widget\" data-widget_type=\"text-editor.default\">\n\t\t\t\t<div class=\"elementor-widget-container\">\n\t\t\t\t\t\t\t\t\t<h2 style=\"margin-bottom: 20px; font-family: 'Northern Worssley', sans-serif; font-size: 36px; font-style: normal; font-weight: 400; line-height: 0.8em;\"><span style=\"border: 0px; margin: 0px; padding: 0px; color: var( --e-global-color-text ); font-family: Roboto, sans-serif; font-size: 18px;\">El Titular ha obtenido la informaci\u00f3n, el contenido multimedia y los materiales incluidos en el Sitio Web de fuentes que considera fiables, pero, si bien ha tomado todas las medidas razonables para asegurar que la informaci\u00f3n contenida es correcta, el Titular no garantiza que sea exacta, completa o actualizada. El Titular declina expresamente cualquier responsabilidad por error u omisi\u00f3n en la informaci\u00f3n contenida en las p\u00e1ginas del Sitio Web.<\/span><\/h2>\n<p style=\"margin-bottom: 1.5em; color: #7a7a7a; font-size: 18px; font-style: normal; font-weight: 400; font-family: Roboto, sans-serif;\">Queda prohibido transmitir o enviar a trav\u00e9s del Sitio Web cualquier contenido ilegal o il\u00edcito, virus inform\u00e1ticos, o mensajes que, en general, afecten o violen derechos del Titular o de terceros.<\/p>\n<p style=\"margin-bottom: 1.5em; color: #7a7a7a; font-size: 18px; font-style: normal; font-weight: 400; font-family: Roboto, sans-serif;\">Los contenidos del Sitio Web tienen \u00fanicamente una finalidad informativa y bajo ninguna circunstancia deben usarse ni considerarse como oferta de venta, solicitud de una oferta de compra ni recomendaci\u00f3n para realizar cualquier otra operaci\u00f3n, salvo que as\u00ed se indique expresamente.<\/p>\n<p style=\"margin-bottom: 1.5em; color: #7a7a7a; font-size: 18px; font-style: normal; font-weight: 400; font-family: Roboto, sans-serif;\">El Titular se reserva el derecho a modificar, suspender, cancelar o restringir el contenido del Sitio Web, los v\u00ednculos o la informaci\u00f3n obtenida a trav\u00e9s del Sitio Web, sin necesidad de previo aviso.<\/p>\n<p style=\"margin-bottom: 1.5em; color: #7a7a7a; font-size: 18px; font-style: normal; font-weight: 400; font-family: Roboto, sans-serif;\">El Titular\u00a0no es responsable de los da\u00f1os y perjuicios que pudieran derivarse de la utilizaci\u00f3n de la informaci\u00f3n del Sitio Web o de la contenida en las redes sociales del Titular.<\/p>\t\t\t\t\t\t\t\t<\/div>\n\t\t\t\t<\/div>\n\t\t\t\t<div class=\"elementor-element elementor-element-82ece93 elementor-widget elementor-widget-heading\" data-id=\"82ece93\" data-element_type=\"widget\" data-widget_type=\"heading.default\">\n\t\t\t\t<div class=\"elementor-widget-container\">\n\t\t\t\t\t<h2 class=\"elementor-heading-title elementor-size-default\">Pol\u00edtica de cookies<\/h2>\t\t\t\t<\/div>\n\t\t\t\t<\/div>\n\t\t\t\t<div class=\"elementor-element elementor-element-6ccd7d6 elementor-widget elementor-widget-text-editor\" data-id=\"6ccd7d6\" data-element_type=\"widget\" data-widget_type=\"text-editor.default\">\n\t\t\t\t<div class=\"elementor-widget-container\">\n\t\t\t\t\t\t\t\t\t<h2 style=\"margin-bottom: 20px; font-family: 'Northern Worssley', sans-serif; font-size: 36px; font-style: normal; font-weight: 400; line-height: 0.8em;\"><span style=\"color: #7a7a7a; font-family: Roboto, sans-serif; font-size: 18px;\">Puede consultar toda la informaci\u00f3n relativa a la pol\u00edtica de recogida y tratamiento de las cookies en la p\u00e1gina de\u00a0<\/span><a style=\"border: 0px; margin: 0px; padding: 0px; background-color: #ffffff; transition: color 0.1s ease-in-out 0s, background-color 0.1s ease-in-out 0s; font-family: Roboto, sans-serif; font-size: 18px;\" href=\"http:\/\/miguelangelmontilla.es\/politica-de-cookies\/\">Pol\u00edtica de Cookies<\/a><span style=\"color: #7a7a7a; font-family: Roboto, sans-serif; font-size: 18px;\">.<\/span><\/h2>\t\t\t\t\t\t\t\t<\/div>\n\t\t\t\t<\/div>\n\t\t\t\t<div class=\"elementor-element elementor-element-cbd8833 elementor-widget elementor-widget-heading\" data-id=\"cbd8833\" data-element_type=\"widget\" data-widget_type=\"heading.default\">\n\t\t\t\t<div class=\"elementor-widget-container\">\n\t\t\t\t\t<h2 class=\"elementor-heading-title elementor-size-default\">Enlaces a otros sitios web<\/h2>\t\t\t\t<\/div>\n\t\t\t\t<\/div>\n\t\t\t\t<div class=\"elementor-element elementor-element-a5e16df elementor-widget elementor-widget-text-editor\" data-id=\"a5e16df\" data-element_type=\"widget\" data-widget_type=\"text-editor.default\">\n\t\t\t\t<div class=\"elementor-widget-container\">\n\t\t\t\t\t\t\t\t\t<p style=\"margin-bottom: 1.5em; color: #7a7a7a; font-size: 18px; font-style: normal; font-weight: 400; font-family: Roboto, sans-serif;\"><span style=\"border: 0px; margin: 0px; padding: 0px; color: var( --e-global-color-text );\">El Titular puede proporcionarle acceso a sitios Web de terceros mediante enlaces con la finalidad exclusiva de informar sobre la existencia de otras fuentes de informaci\u00f3n en Internet en las que podr\u00e1 ampliar los datos ofrecidos en el Sitio Web.<\/span><\/p><p style=\"margin-bottom: 1.5em; color: #7a7a7a; font-size: 18px; font-style: normal; font-weight: 400; font-family: Roboto, sans-serif;\">Estos enlaces a otros sitios Web no suponen en ning\u00fan caso una sugerencia o recomendaci\u00f3n para que usted visite las p\u00e1ginas web de destino, que est\u00e1n fuera del control del Titular, por lo que el Titular no es responsable del contenido de los sitios web vinculados ni del resultado que obtenga al seguir los enlaces. Asimismo, el Titular no responde de los links o enlaces ubicados en los sitios web vinculados a los que le proporciona acceso.<\/p><p style=\"margin-bottom: 1.5em; color: #7a7a7a; font-size: 18px; font-style: normal; font-weight: 400; font-family: Roboto, sans-serif;\">El establecimiento del enlace no implica en ning\u00fan caso la existencia de relaciones entre el Titular y el propietario del sitio en el que se establezca el enlace, ni la aceptaci\u00f3n o aprobaci\u00f3n por parte del Titular de sus contenidos o servicios.<\/p><p style=\"margin-bottom: 1.5em; color: #7a7a7a; font-size: 18px; font-style: normal; font-weight: 400; font-family: Roboto, sans-serif;\">Si accede a un sitio web externo desde un enlace que encuentre en el Sitio Web usted deber\u00e1 leer la propia pol\u00edtica de privacidad del otro sitio web que puede ser diferente de la de este sitio Web.<\/p>\t\t\t\t\t\t\t\t<\/div>\n\t\t\t\t<\/div>\n\t\t\t\t<div class=\"elementor-element elementor-element-d3b3656 elementor-widget elementor-widget-heading\" data-id=\"d3b3656\" data-element_type=\"widget\" data-widget_type=\"heading.default\">\n\t\t\t\t<div class=\"elementor-widget-container\">\n\t\t\t\t\t<h2 class=\"elementor-heading-title elementor-size-default\">Propiedad intelectual e industrial<\/h2>\t\t\t\t<\/div>\n\t\t\t\t<\/div>\n\t\t\t\t<div class=\"elementor-element elementor-element-876c7e8 elementor-widget elementor-widget-text-editor\" data-id=\"876c7e8\" data-element_type=\"widget\" data-widget_type=\"text-editor.default\">\n\t\t\t\t<div class=\"elementor-widget-container\">\n\t\t\t\t\t\t\t\t\t<p style=\"margin-bottom: 1.5em; color: #7a7a7a; font-size: 18px; font-style: normal; font-weight: 400;\">Todos los derechos est\u00e1n reservados.<\/p><p style=\"margin-bottom: 1.5em; color: #7a7a7a; font-size: 18px; font-style: normal; font-weight: 400;\">Todo acceso a este Sitio Web est\u00e1 sujeto a las siguientes condiciones: la reproducci\u00f3n, almacenaje permanente y la difusi\u00f3n de los contenidos o cualquier otro uso que tenga finalidad p\u00fablica o comercial queda expresamente prohibida sin el consentimiento previo expreso y por escrito del Titular.<\/p>\t\t\t\t\t\t\t\t<\/div>\n\t\t\t\t<\/div>\n\t\t\t\t<div class=\"elementor-element elementor-element-d0a4820 elementor-widget elementor-widget-heading\" data-id=\"d0a4820\" data-element_type=\"widget\" data-widget_type=\"heading.default\">\n\t\t\t\t<div class=\"elementor-widget-container\">\n\t\t\t\t\t<h2 class=\"elementor-heading-title elementor-size-default\">Limitaci\u00f3n de responsabilidad<\/h2>\t\t\t\t<\/div>\n\t\t\t\t<\/div>\n\t\t\t\t<div class=\"elementor-element elementor-element-f95494d elementor-widget elementor-widget-text-editor\" data-id=\"f95494d\" data-element_type=\"widget\" data-widget_type=\"text-editor.default\">\n\t\t\t\t<div class=\"elementor-widget-container\">\n\t\t\t\t\t\t\t\t\t<div style=\"border: 0px; margin: 0px; padding: 0px; color: #7a7a7a;\"><span style=\"border: 0px; margin: 0px; padding: 0px; color: var( --e-global-color-text );\">El Titular declina cualquier responsabilidad en caso de que existan interrupciones o un mal funcionamiento de los Servicios o contenidos ofrecidos en Internet, cualquiera que sea su causa. Asimismo, el Titular no se hace responsable por ca\u00eddas de la red, p\u00e9rdidas de negocio a consecuencia de dichas ca\u00eddas, suspensiones temporales de fluido el\u00e9ctrico o cualquier otro tipo de da\u00f1o indirecto que te pueda ser causado por causas ajenas a el Titular.<\/span><\/div><div style=\"border: 0px; margin: 0px; padding: 0px; color: #7a7a7a;\"><span style=\"border: 0px; margin: 0px; padding: 0px; color: var( --e-global-color-text );\">\u00a0<\/span><\/div><p style=\"margin-bottom: 1.5em; color: #7a7a7a; font-size: 18px; font-style: normal; font-weight: 400;\">Antes de tomar decisiones y\/o acciones con base a la informaci\u00f3n incluida en el Sitio Web, el Titular le recomienda comprobar y contrastar la informaci\u00f3n recibida con otras fuentes.<\/p>\t\t\t\t\t\t\t\t<\/div>\n\t\t\t\t<\/div>\n\t\t\t\t<div class=\"elementor-element elementor-element-4e5641b elementor-widget elementor-widget-heading\" data-id=\"4e5641b\" data-element_type=\"widget\" data-widget_type=\"heading.default\">\n\t\t\t\t<div class=\"elementor-widget-container\">\n\t\t\t\t\t<h2 class=\"elementor-heading-title elementor-size-default\">Jurisdicci\u00f3n<\/h2>\t\t\t\t<\/div>\n\t\t\t\t<\/div>\n\t\t\t\t<div class=\"elementor-element elementor-element-9c0769d elementor-widget elementor-widget-text-editor\" data-id=\"9c0769d\" data-element_type=\"widget\" data-widget_type=\"text-editor.default\">\n\t\t\t\t<div class=\"elementor-widget-container\">\n\t\t\t\t\t\t\t\t\t<div style=\"border: 0px; margin: 0px; padding: 0px; color: #7a7a7a;\">Este Aviso Legal se rige \u00edntegramente por la legislaci\u00f3n espa\u00f1ola.<\/div>\t\t\t\t\t\t\t\t<\/div>\n\t\t\t\t<\/div>\n\t\t\t\t<div class=\"elementor-element elementor-element-729b8b5 elementor-widget elementor-widget-heading\" data-id=\"729b8b5\" data-element_type=\"widget\" data-widget_type=\"heading.default\">\n\t\t\t\t<div class=\"elementor-widget-container\">\n\t\t\t\t\t<h2 class=\"elementor-heading-title elementor-size-default\">Contacto<\/h2>\t\t\t\t<\/div>\n\t\t\t\t<\/div>\n\t\t\t\t<div class=\"elementor-element elementor-element-73d9f81 elementor-widget elementor-widget-text-editor\" data-id=\"73d9f81\" data-element_type=\"widget\" data-widget_type=\"text-editor.default\">\n\t\t\t\t<div class=\"elementor-widget-container\">\n\t\t\t\t\t\t\t\t\t<div style=\"border: 0px; margin: 0px; padding: 0px; color: #7a7a7a;\">&nbsp;<span style=\"border: 0px; margin: 0px; padding: 0px; color: var( --e-global-color-text );\">En caso de que usted tenga cualquier duda acerca de este Aviso Legal o quiera realizar cualquier comentario sobre el Sitio Web, puede enviar un mensaje de correo electr\u00f3nico a la direcci\u00f3n:&nbsp;<\/span><\/div><div style=\"border: 0px; margin: 0px; padding: 0px; color: #7a7a7a;\"><span style=\"font-style: inherit; color: #54595f; background-color: var(--ast-global-color-5);\"><b>miguelangelexperiencias@gmail.com<\/b><\/span><\/div>\t\t\t\t\t\t\t\t<\/div>\n\t\t\t\t<\/div>\n\t\t\t\t\t<\/div>\n\t\t<\/div>\n\t\t\t\t\t<\/div>\n\t\t<\/section>\n\t\t\t\t<\/div>\n\t\t","protected":false},"excerpt":{"rendered":"<p>AVISO LEGAL Identificaci\u00f3n y titularidad En cumplimiento del art\u00edculo 10 de la Ley 34\/2002, de 11 de julio, de Servicios de la Sociedad de la Informaci\u00f3n y Comercio Electr\u00f3nico, el Titular expone sus datos identificativos: Titular:\u00a0Miguel \u00c1ngel Montilla NIF:\u00a029070273k Correo electr\u00f3nico:\u00a0 miguelangelexperiencias@gmail.com Sitio Web: http:\/\/miguelangelmontilla.es\/ Finalidad La finalidad del Sitio Web es: Servicios profesionales de &hellip;<\/p>\n<p class=\"read-more\"> <a class=\"\" href=\"https:\/\/miguelangelmontilla.es\/?page_id=155\"> <span class=\"screen-reader-text\">AVISO LEGAL<\/span> Leer m\u00e1s &raquo;<\/a><\/p>\n","protected":false},"author":3,"featured_media":0,"parent":0,"menu_order":0,"comment_status":"closed","ping_status":"closed","template":"elementor_header_footer","meta":{"site-sidebar-layout":"no-sidebar","site-content-layout":"page-builder","ast-global-header-display":"","ast-main-header-display":"","ast-hfb-above-header-display":"","ast-hfb-below-header-display":"","ast-hfb-mobile-header-display":"","site-post-title":"disabled","ast-breadcrumbs-content":"","ast-featured-img":"disabled","footer-sml-layout":"","theme-transparent-header-meta":"default","adv-header-id-meta":"","stick-header-meta":"","header-above-stick-meta":"","header-main-stick-meta":"","header-below-stick-meta":"","footnotes":""},"class_list":["post-155","page","type-page","status-publish","hentry"],"_links":{"self":[{"href":"https:\/\/miguelangelmontilla.es\/index.php?rest_route=\/wp\/v2\/pages\/155","targetHints":{"allow":["GET"]}}],"collection":[{"href":"https:\/\/miguelangelmontilla.es\/index.php?rest_route=\/wp\/v2\/pages"}],"about":[{"href":"https:\/\/miguelangelmontilla.es\/index.php?rest_route=\/wp\/v2\/types\/page"}],"author":[{"embeddable":true,"href":"https:\/\/miguelangelmontilla.es\/index.php?rest_route=\/wp\/v2\/users\/3"}],"replies":[{"embeddable":true,"href":"https:\/\/miguelangelmontilla.es\/index.php?rest_route=%2Fwp%2Fv2%2Fcomments&post=155"}],"version-history":[{"count":29,"href":"https:\/\/miguelangelmontilla.es\/index.php?rest_route=\/wp\/v2\/pages\/155\/revisions"}],"predecessor-version":[{"id":893,"href":"https:\/\/miguelangelmontilla.es\/index.php?rest_route=\/wp\/v2\/pages\/155\/revisions\/893"}],"wp:attachment":[{"href":"https:\/\/miguelangelmontilla.es\/index.php?rest_route=%2Fwp%2Fv2%2Fmedia&parent=155"}],"curies":[{"name":"wp","href":"https:\/\/api.w.org\/{rel}","templated":true}]}}